igit of g(7)?
2
Let g = 12 + -6. Suppose -g = -u + 4. Suppose 22 + u = 4*v. What is the units digit of v?
8
Let z(i) be the second derivative of -i**5/60 - i**3/3 - i. Let n(u) be the second derivative of z(u). What is the units digit of n(-1)?
2
Let l(x) = -31*x + 1. Let m be l(-1). Suppose -3*d + 3 = 5*a + 91, 0 = -a - 5*d - 22. Let r = m + a. What is the tens digit of r?
1
Suppose -20 = -4*y, 4*y - 144 = -5*u - 59. What is the units digit of u?
3
Let j(v) = -4*v + 1 - 4 - 6 + 1. What is the units digit of j(-8)?
4
Suppose 2*s = s + 2. Suppose 22 = -s*y - 2*f, 8*y + 52 = 3*y - 4*f. Let i(h) = -h**2 - 8*h + 10. What is the units digit of i(y)?
0
Suppose 0 = 3*l - 3 - 3. Suppose -3*m = 3*t + 15, 9 = t + l*t - 5*m. What is the units digit of 38/5 + t/(-5)?
8
Suppose -2*o - 1344 = -6*o + 4*v, 2*o = 5*v + 657. What is the tens digit of o?
4
What is the units digit of (-121)/(((-10)/5)/2)?
1
Suppose -2*y = -5 - 3. What is the units digit of (-3)/(-6)*y - -10?
2
Let a(f) be the third derivative of f**4/24 + 5*f**3/6 + 2*f**2. Let c be a(-4). What is the units digit of -1 - -2 - (c + -7)?
7
Suppose -6*l = -9*l + 21. Suppose -20 - l = -3*x. What is the units digit of x?
9
Let s(l) be the third derivative of -l**5/60 - l**4/6 - 5*l**3/6 + l**2. Let k be s(-4). Let b = k + 9. What is the units digit of b?
4
Let t(s) = -4 + 8*s + 0*s**2 - s**2 - 3. Let p be t(7). What is the units digit of p + (0 - 2) + 4?
2
Let o = 30 - 15. Let p = 10 + o. What is the tens digit of p?
2
Suppose u - 2*u = -104. What is the tens digit of u?
0
What is the units digit of (-6)/(-9) + (-115)/(-3)?
9
Let r = 14 - 11. Suppose 0 = r*f + 3*f - 246. What is the tens digit of f?
4
Suppose -8 = -2*w - 2*w. What is the tens digit of w*3/((-6)/(-22))?
2
Let c = 5 + -2. Suppose 0*h = 3*h + 2*f - 16, h = c*f - 13. Suppose -23 = -h*u + 11. What is the tens digit of u?
1
Let v(u) be the second derivative of u**4/3 + u**3/2 + u**2 + 4*u. What is the tens digit of v(3)?
4
Let h = -4 + 4. Let p be (-291)/(-18) + (-3)/18. Suppose -3*c + 2 + p = h. What is the units digit of c?
6
Suppose 5*q - 4 = 31. What is the units digit of q?
7
Suppose 8*s - 86 = 6*s. What is the tens digit of s?
4
Suppose 6 = 2*f, 3*f = -6*b + 4*b + 15. Let r(l) = l**2 - l - 2. What is the units digit of r(b)?
4
Let h = 38 - -37. What is the units digit of h?
5
Suppose 2*b = 5*l - 344, 4*l - 2*b - 140 = 2*l. Let z = l + -47. What is the units digit of z?
1
Suppose 0 = h - 2*h + 3. Suppose 2*i = 3*a + 29, 4*a + a = h*i - 48. Let y = a - -13. What is the units digit of y?
4
Let f(t) = -t**3 + 9*t**2 - 4*t + 6. Let k be f(8). Suppose 0 = l + 2*o - k, 5*l - 5*o = -0*o + 205. Suppose -v + 3*v = l. What is the tens digit of v?
2
Let a(q) be the third derivative of -q**6/120 - q**5/15 - q**4/24 + q**3/3 + 7*q**2. What is the units digit of a(-5)?
2
Suppose -6 = -4*f + f. Suppose 2*t = -6 - f. Let h = t - -13. What is the units digit of h?
9
Let t(v) = -23*v + 28. What is the units digit of t(-8)?
2
Suppose -9*j - 42 = -11*j. What is the tens digit of j?
2
Suppose -2*s - 25 = 3*s. Let y = 3 + s. What is the units digit of (-4)/(-6)*(-3)/y?
1
Let p = -49 - -81. What is the tens digit of p?
3
Suppose -18 = -4*u - 2*j, j - 2*j = -5. Let s = u - 14. What is the units digit of s*(0 - (-2)/(-4))?
6
Let r = -17 - -27. What is the tens digit of r?
1
Suppose -2*y + 8 = 2*u - 2, 3*u - 9 = -y. Suppose 2*j - z = -3, y*j + 2*z - 8 = z. What is the units digit of j?
1
Let m = 4 + -2. Let g = m + 35. Suppose -2*r = 2*i - 22, -2*i + 7*i = r + g. What is the units digit of i?
8
Let f be (-3 - -1) + (-14)/(-7). Let o = 7 - f. What is the units digit of o?
7
Let c(o) = 4 + 3*o - 3*o - 7*o - 1. What is the units digit of c(-3)?
4
Suppose 4*c - 3*c = 0. Suppose 3*t = c, 3*k = -2*k + 5*t + 155. What is the tens digit of k?
3
Suppose -2*x = 6, 0 = -5*q - 3*x + 3 + 13. Suppose u - 4*l = 43, 79 = 3*u + 3*l - q*l. What is the units digit of u?
3
Let f(d) = d**2 - d + 1. What is the units digit of f(-4)?
1
Suppose 4*d = 88 + 392. What is the tens digit of d?
2
Let m = -7 + 10. Suppose 3*r + 114 = m*w + 7*r, 4*w + 4*r = 152. What is the tens digit of w?
3
Suppose -2*s = -4, 4*k = 2*s + 34 - 6. Suppose -80 = 4*m - k*m. What is the units digit of m?
0
Suppose 5*w + 2*b - 10 = 0, -w - 4*b - 6 = -2*b. Suppose 5*l + 3*u = 3*l - 4, -w*l - 8 = 5*u. What is the units digit of (4/6)/(l/(-51))?
7
What is the tens digit of 49/2 + (-3)/2?
2
Suppose 0 = -2*b + 5*b - 15. Suppose 4*c - 6*f + f - 8 = 0, -4*c = f + 16. Let t = b + c. What is the units digit of t?
2
Let k(f) = -f**3 + 7*f**2 + f + 2. What is the units digit of k(7)?
9
Suppose -2*r + 1 = -7. Suppose -3*f = 4*i - 38, -65 = -r*f + 5*i + 27. What is the tens digit of f?
1
Let a(j) = -j**3 - 3*j**2 + 3*j - 2. Let y be 8/(-10)*(-1 - -6). Let i be a(y). Suppose -4*q + 14 = i. What is the units digit of q?
3
Let c(f) = 49*f + 6. What is the units digit of c(2)?
4
Let t(c) be the third derivative of -c**4/8 - c**3/6 + c**2. What is the units digit of t(-2)?
5
Suppose -z + 30 = 4*w, -25 = -z - 4*z + 5*w. What is the units digit of z?
0
Let n = 6 + 0. Let f be 10/n + 4/(-6). What is the units digit of 22 + 9/((-3)/f)?
9
Let h(u) = -u**3 - 6*u**2 - u - 1. What is the tens digit of h(-7)?
5
Let p(j) be the third derivative of j**5/60 + j**4/4 + j**3 - 8*j**2. What is the units digit of p(-7)?
3
Let g be 24 - 1 - (-12 + 12). Let u = 33 - g. What is the tens digit of u?
1
Suppose -4*v - 143 + 421 = -5*l, -140 = -2*v + 3*l. What is the tens digit of v?
6
Let d(j) = j**3 + 3*j**2 + 2*j + 2. Let v be d(-3). Let c be (-1)/(v + 3)*-13. Let h = 18 + c. What is the units digit of h?
5
Suppose -138 = 9*g - 11*g. What is the units digit of g?
9
Let p(v) = -v**3 + 3*v**2 - v + 2. Let k be p(2). Suppose -q + 130 = 4*c - 14, 3*c + k*q - 108 = 0. What is the units digit of c?
6
Suppose -280 = -q - 3*q. Let c = -50 + q. What is the units digit of c?
0
Let n(r) = -r**3 + 4*r**2 + 2*r - 6. Let o be n(4). Let w = o - 2. Suppose 0 = -4*x - w + 20. What is the units digit of x?
5
Suppose -11*y - 385 = -1419. What is the units digit of y?
4
Suppose 0*n + 102 = n + m, 5*n = -4*m + 507. What is the units digit of n?
9
Let m(g) = -g**3 - 9*g**2 - 8*g + 2. Let j be m(-8). Suppose 0 = -2*p + 3*t + 84, -2*t = -j*p + 128 - 48. What is the units digit of p?
6
What is the units digit of (-663)/34*(-16)/6?
2
Let s = 2 + 1. Suppose s*b - 3*d - 27 = -6*d, 1 = -b + d. Suppose 0 = -2*i + b*i - 18. What is the units digit of i?
9
Let t(v) = -1 - v - 1 + 6*v. Let j be t(2). Suppose -5*q + j = -7. What is the units digit of q?
3
Let a(t) be the first derivative of -t**3/3 - 5*t**2/2 - 3. Let u be a(-5). Suppose 0*b + 3*b - 15 = u. What is the units digit of b?
5
Let t be 2 - (-3)/(-1) - -89. Suppose -3*f + 18 + 28 = -2*w, 0 = 4*f + 4*w - t. What is the units digit of f?
8
Suppose q = -q. Suppose q = 5*s - 4*s - 24. What is the tens digit of s?
2
Suppose 100 + 14 = 3*g. What is the units digit of g?
8
Let a be 4 + (3 + -1)/1. Let l = a + -3. Suppose l*r = -4*f + 71, -f - 5*r + 29 + 10 = 0. What is the tens digit of f?
1
Let r = -7 - -12. Suppose 5*h + 17 = r*g - 23, 13 = 5*g + 4*h. Suppose 4*o + 21 = g*n, 0 = -4*n - 0*n - 5*o - 16. What is the units digit of n?
1
Let t = 17 + -14. Suppose -3*w = -2*u - 4*w + 29, -t*u + 4*w = -71. What is the units digit of u?
7
Suppose -5*b - 4*y = -165, 6*b = 2*b + 3*y + 132. Suppose 7 = -d + b. What is the tens digit of d?
2
Let y(j) = -j**3 - 8*j**2 - 7*j - 2. Let v be y(-7). What is the units digit of 57/5 - v/(-5)?
1
Let i(d) = -2*d - 2. Let x be (0 - 4) + (-2)/2. Let m be i(x). What is the units digit of 85/20 + (-2)/m?
4
Let x = 2 - 1. Let i(n) = n**2 - 7*n + 4. Let l be i(7). Suppose -3*m = -l*m + x. What is the units digit of m?
1
Let h(j) = -7*j**3 - 22*j**2 - 3*j - 8. What is the hundreds digit of h(-5)?
3
Let h be 94/18 + (-8)/36. Let p = 4 + h. What is the units digit of p?
9
Suppose -r = -5*k - 18 - 18, 2*r - 16 = 2*k. Let j = k - -7. What is the units digit of (2 - j)*(4 - 1)?
6
Let a be 14/8 - 1/(-4). Let z(f) = f**3 - 4*f - f**2 - 2*f**a + 3 + 6*f**2. What is the units digit of z(-4)?
3
Let i be (-14)/(3 - 5)*-1. Let u = i - -32. What is the tens digit of u?
2
Let i be 21/35 - (-22)/5. Suppose -f + 5*a 